{"id":55,"date":"2019-02-21T15:35:31","date_gmt":"2019-02-21T21:35:31","guid":{"rendered":"https:\/\/equilibriovisual.com.mx\/proyectos2\/ebysos\/?page_id=55"},"modified":"2024-03-25T10:40:07","modified_gmt":"2024-03-25T16:40:07","slug":"ebysos-capacita","status":"publish","type":"page","link":"https:\/\/ebysos.com\/index.php\/ebysos-capacita\/","title":{"rendered":"EBYSOS CAPACITA"},"content":{"rendered":"<h3><img decoding=\"async\" loading=\"lazy\" class=\"alignnone size-large wp-image-35667\" src=\"https:\/\/ebysos.com\/wp-content\/uploads\/2024\/03\/capacita1-1024x249.png\" alt=\"\" width=\"900\" height=\"219\" srcset=\"https:\/\/ebysos.com\/wp-content\/uploads\/2024\/03\/capacita1-1024x249.png 1024w, https:\/\/ebysos.com\/wp-content\/uploads\/2024\/03\/capacita1-300x73.png 300w, https:\/\/ebysos.com\/wp-content\/uploads\/2024\/03\/capacita1-768x187.png 768w, https:\/\/ebysos.com\/wp-content\/uploads\/2024\/03\/capacita1.png 1033w\" sizes=\"(max-width: 900px) 100vw, 900px\" \/><\/h3>\n<h2><strong><span style=\"font-size: 18pt;\">MODELO DE DESARROLLO DE LA CAPACITACI\u00d3N EBYSOS<\/span><\/strong><\/h2>\n<table style=\"width: 100%; height: 1891px;\" border=\"1\" width=\"100%\">\n<tbody>\n<tr style=\"height: 222px;\">\n<td style=\"text-align: center; height: 222px;\">\n<h3><span style=\"font-size: 14pt;\"><strong>PROP\u00d3SITO<\/strong><\/span><\/h3>\n<\/td>\n<td style=\"height: 222px;\">\n<h3><span style=\"font-size: 14pt;\">DESARROLLO DE HABILIDADES DE TRABAJO INTEGRADO, REQUERIDO ANTE LAS DEMANDAS ACTUALES DE FUNCIONES DE TRABAJO EXPANDIDAS<\/span><\/h3>\n<\/td>\n<\/tr>\n<tr style=\"height: 135px;\">\n<td style=\"text-align: center; height: 135px;\">\n<h3><span style=\"font-size: 14pt;\"><strong>OBJETIVO DE LA CAPACITACI\u00d3N<\/strong><\/span><\/h3>\n<\/td>\n<td style=\"height: 135px;\">\n<h3><span style=\"font-size: 14pt;\">LAS PERSONAS SOMOS COLEGAS O MIEMBROS DE GRUPOS DE TRABAJO<\/span><\/h3>\n<\/td>\n<\/tr>\n<tr style=\"height: 164px;\">\n<td style=\"text-align: center; height: 164px;\">\n<h3><span style=\"font-size: 14pt;\"><strong>ENFOQUE<\/strong><\/span><\/h3>\n<\/td>\n<td style=\"height: 164px;\">\n<h3><span style=\"font-size: 14pt;\">DESARROLLO DE DE HABILIDADES QUE EST\u00c9N CONCEPTUALMENTE LIGADAS (FORMALES E INFORMALES)<\/span><\/h3>\n<\/td>\n<\/tr>\n<tr style=\"height: 222px;\">\n<td style=\"text-align: center; height: 222px;\">\n<h3><span style=\"font-size: 14pt;\"><strong>TAREAS DE CAPACITACI\u00d3N<\/strong><\/span><\/h3>\n<\/td>\n<td style=\"height: 222px;\">\n<h3><span style=\"font-size: 14pt;\">DIVULGAR INFORMACI\u00d3N, EXPERIENCIAS Y CONOCIMIENTOS QUE PUEDAN ADAPTARSE A TAREAS DE RUTINA Y A CASOS ESPECIALES<\/span><\/h3>\n<\/td>\n<\/tr>\n<tr style=\"height: 164px;\">\n<td style=\"text-align: center; height: 164px;\">\n<h3><span style=\"font-size: 14pt;\"><strong>PAPEL DE CAPACITADOR<\/strong><\/span><\/h3>\n<\/td>\n<td style=\"height: 164px;\">\n<h3><span style=\"font-size: 14pt;\">FACILITADOR:\u00a0COORDINADOR Y PROMOTOR PROACTIVO QUE PROPICIE EL DESARROLLO DE APRENDIZAJE SIGNIFICATIVO<\/span><\/h3>\n<\/td>\n<\/tr>\n<tr style=\"height: 193px;\">\n<td style=\"text-align: center; height: 193px;\">\n<h3><span style=\"font-size: 14pt;\"><strong>PEDAGOG\u00cdA<\/strong><\/span><\/h3>\n<\/td>\n<td style=\"height: 193px;\">\n<h3><span style=\"font-size: 14pt;\">INVOLUCRAMIENTO DE LAS PERSONAS CAPACITADAS EN EL APRENDIZAJE ACTIVO APLICADO AL CONTEXTO DE SU TRABAJO<\/span><\/h3>\n<\/td>\n<\/tr>\n<tr style=\"height: 193px;\">\n<td style=\"text-align: center; height: 193px;\">\n<h3><span style=\"font-size: 14pt;\"><strong>M\u00c9TODOS DE APRENDIZAJE<\/strong><\/span><\/h3>\n<\/td>\n<td style=\"height: 193px;\">\n<h3><span style=\"font-size: 14pt;\">\u00c9NFASIS SOBRE EL DEBATE Y LA DISCUSI\u00d3N\u00a0ENFOCADOS AL DESARROLLO DE HABILIDADES Y COMPROMISO DEL EQUIPO DE TRABAJO<\/span><\/h3>\n<\/td>\n<\/tr>\n<tr style=\"height: 222px;\">\n<td style=\"text-align: center; height: 222px;\">\n<h3><span style=\"font-size: 14pt;\"><strong>INTERACTIVIDAD<\/strong><\/span><\/h3>\n<\/td>\n<td style=\"height: 222px;\">\n<h3><span style=\"font-size: 14pt;\">A TRAV\u00c9S DEL DI\u00c1LOGO EL FACILITADOR AYUDA A CONSTRUIR UNA COMPRENSI\u00d3N COMPARTIDA CON Y ENTRE LOS PARTICIPANTES<\/span><\/h3>\n<\/td>\n<\/tr>\n<tr style=\"height: 164px;\">\n<td style=\"text-align: center; height: 164px;\">\n<h3><span style=\"font-size: 14pt;\"><strong>VISI\u00d3N DE COMPETENCIA<\/strong><\/span><\/h3>\n<\/td>\n<td style=\"height: 164px;\">\n<h3><span style=\"font-size: 14pt;\">HOL\u00cdSTICA, DESARROLLADORA DE HABILIDADES PERSONALES Y PROFESIONALES<\/span><\/h3>\n<\/td>\n<\/tr>\n<tr style=\"height: 106px;\">\n<td style=\"text-align: center; height: 106px;\">\n<h3><span style=\"font-size: 14pt;\"><strong>VISI\u00d3N DE APRENDIZAJE<\/strong><\/span><\/h3>\n<\/td>\n<td style=\"height: 106px;\">\n<h3><span style=\"font-size: 14pt;\">APRENDIZAJE SIGNIFICATIVO Y COMPRENSI\u00d3N PROFUNDA<\/span><\/h3>\n<\/td>\n<\/tr>\n<tr style=\"height: 106px;\">\n<td style=\"text-align: center; height: 106px;\">\n<h3><span style=\"font-size: 14pt;\"><strong>VISI\u00d3N DE CONOCIMIENTO<\/strong><\/span><\/h3>\n<\/td>\n<td style=\"height: 106px;\">\n<h3><span style=\"font-size: 14pt;\">&#8220;CONOCER ACERCA&#8221; COMO &#8220;CONOCER C\u00d3MO&#8221;<\/span><\/h3>\n<\/td>\n<\/tr>\n<\/tbody>\n<\/table>\n","protected":false},"excerpt":{"rendered":"<p>MODELO DE DESARROLLO DE LA CAPACITACI\u00d3N EBYSOS PROP\u00d3SITO DESARROLLO DE HABILIDADES DE TRABAJO INTEGRADO, REQUERIDO ANTE LAS DEMANDAS ACTUALES DE FUNCIONES DE TRABAJO EXPANDIDAS OBJETIVO DE LA CAPACITACI\u00d3N LAS PERSONAS SOMOS COLEGAS O MIEMBROS DE GRUPOS DE TRABAJO ENFOQUE DESARROLLO DE DE HABILIDADES QUE EST\u00c9N CONCEPTUALMENTE LIGADAS (FORMALES E INFORMALES) TAREAS DE CAPACITACI\u00d3N DIVULGAR INFORMACI\u00d3N, [&hellip;]<\/p>\n","protected":false},"author":1,"featured_media":0,"parent":0,"menu_order":0,"comment_status":"closed","ping_status":"closed","template":"","meta":[],"_links":{"self":[{"href":"https:\/\/ebysos.com\/index.php\/wp-json\/wp\/v2\/pages\/55"}],"collection":[{"href":"https:\/\/ebysos.com\/index.php\/wp-json\/wp\/v2\/pages"}],"about":[{"href":"https:\/\/ebysos.com\/index.php\/wp-json\/wp\/v2\/types\/page"}],"author":[{"embeddable":true,"href":"https:\/\/ebysos.com\/index.php\/wp-json\/wp\/v2\/users\/1"}],"replies":[{"embeddable":true,"href":"https:\/\/ebysos.com\/index.php\/wp-json\/wp\/v2\/comments?post=55"}],"version-history":[{"count":7,"href":"https:\/\/ebysos.com\/index.php\/wp-json\/wp\/v2\/pages\/55\/revisions"}],"predecessor-version":[{"id":35668,"href":"https:\/\/ebysos.com\/index.php\/wp-json\/wp\/v2\/pages\/55\/revisions\/35668"}],"wp:attachment":[{"href":"https:\/\/ebysos.com\/index.php\/wp-json\/wp\/v2\/media?parent=55"}],"curies":[{"name":"wp","href":"https:\/\/api.w.org\/{rel}","templated":true}]}}

<h3><img decoding="async" loading="lazy" class="alignnone size-large wp-image-35667" src="https://ebysos.com/wp-content/uploads/2024/03/capacita1-1024x249.png" alt="" width="900" height="219" srcset="https://ebysos.com/wp-content/uploads/2024/03/capacita1-1024x249.png 1024w, https://ebysos.com/wp-content/uploads/2024/03/capacita1-300x73.png 300w, https://ebysos.com/wp-content/uploads/2024/03/capacita1-768x187.png 768w, https://ebysos.com/wp-content/uploads/2024/03/capacita1.png 1033w" sizes="(max-width: 900px) 100vw, 900px" /></h3>
<h2><strong><span style="font-size: 18pt;">MODELO DE DESARROLLO DE LA CAPACITACIÓN EBYSOS</span></strong></h2>
<table style="width: 100%; height: 1891px;" border="1" width="100%">
<tbody>
<tr style="height: 222px;">
<td style="text-align: center; height: 222px;">
<h3><span style="font-size: 14pt;"><strong>PROPÓSITO</strong></span></h3>
</td>
<td style="height: 222px;">
<h3><span style="font-size: 14pt;">DESARROLLO DE HABILIDADES DE TRABAJO INTEGRADO, REQUERIDO ANTE LAS DEMANDAS ACTUALES DE FUNCIONES DE TRABAJO EXPANDIDAS</span></h3>
</td>
</tr>
<tr style="height: 135px;">
<td style="text-align: center; height: 135px;">
<h3><span style="font-size: 14pt;"><strong>OBJETIVO DE LA CAPACITACIÓN</strong></span></h3>
</td>
<td style="height: 135px;">
<h3><span style="font-size: 14pt;">LAS PERSONAS SOMOS COLEGAS O MIEMBROS DE GRUPOS DE TRABAJO</span></h3>
</td>
</tr>
<tr style="height: 164px;">
<td style="text-align: center; height: 164px;">
<h3><span style="font-size: 14pt;"><strong>ENFOQUE</strong></span></h3>
</td>
<td style="height: 164px;">
<h3><span style="font-size: 14pt;">DESARROLLO DE DE HABILIDADES QUE ESTÉN CONCEPTUALMENTE LIGADAS (FORMALES E INFORMALES)</span></h3>
</td>
</tr>
<tr style="height: 222px;">
<td style="text-align: center; height: 222px;">
<h3><span style="font-size: 14pt;"><strong>TAREAS DE CAPACITACIÓN</strong></span></h3>
</td>
<td style="height: 222px;">
<h3><span style="font-size: 14pt;">DIVULGAR INFORMACIÓN, EXPERIENCIAS Y CONOCIMIENTOS QUE PUEDAN ADAPTARSE A TAREAS DE RUTINA Y A CASOS ESPECIALES</span></h3>
</td>
</tr>
<tr style="height: 164px;">
<td style="text-align: center; height: 164px;">
<h3><span style="font-size: 14pt;"><strong>PAPEL DE CAPACITADOR</strong></span></h3>
</td>
<td style="height: 164px;">
<h3><span style="font-size: 14pt;">FACILITADOR: COORDINADOR Y PROMOTOR PROACTIVO QUE PROPICIE EL DESARROLLO DE APRENDIZAJE SIGNIFICATIVO</span></h3>
</td>
</tr>
<tr style="height: 193px;">
<td style="text-align: center; height: 193px;">
<h3><span style="font-size: 14pt;"><strong>PEDAGOGÍA</strong></span></h3>
</td>
<td style="height: 193px;">
<h3><span style="font-size: 14pt;">INVOLUCRAMIENTO DE LAS PERSONAS CAPACITADAS EN EL APRENDIZAJE ACTIVO APLICADO AL CONTEXTO DE SU TRABAJO</span></h3>
</td>
</tr>
<tr style="height: 193px;">
<td style="text-align: center; height: 193px;">
<h3><span style="font-size: 14pt;"><strong>MÉTODOS DE APRENDIZAJE</strong></span></h3>
</td>
<td style="height: 193px;">
<h3><span style="font-size: 14pt;">ÉNFASIS SOBRE EL DEBATE Y LA DISCUSIÓN ENFOCADOS AL DESARROLLO DE HABILIDADES Y COMPROMISO DEL EQUIPO DE TRABAJO</span></h3>
</td>
</tr>
<tr style="height: 222px;">
<td style="text-align: center; height: 222px;">
<h3><span style="font-size: 14pt;"><strong>INTERACTIVIDAD</strong></span></h3>
</td>
<td style="height: 222px;">
<h3><span style="font-size: 14pt;">A TRAVÉS DEL DIÁLOGO EL FACILITADOR AYUDA A CONSTRUIR UNA COMPRENSIÓN COMPARTIDA CON Y ENTRE LOS PARTICIPANTES</span></h3>
</td>
</tr>
<tr style="height: 164px;">
<td style="text-align: center; height: 164px;">
<h3><span style="font-size: 14pt;"><strong>VISIÓN DE COMPETENCIA</strong></span></h3>
</td>
<td style="height: 164px;">
<h3><span style="font-size: 14pt;">HOLÍSTICA, DESARROLLADORA DE HABILIDADES PERSONALES Y PROFESIONALES</span></h3>
</td>
</tr>
<tr style="height: 106px;">
<td style="text-align: center; height: 106px;">
<h3><span style="font-size: 14pt;"><strong>VISIÓN DE APRENDIZAJE</strong></span></h3>
</td>
<td style="height: 106px;">
<h3><span style="font-size: 14pt;">APRENDIZAJE SIGNIFICATIVO Y COMPRENSIÓN PROFUNDA</span></h3>
</td>
</tr>
<tr style="height: 106px;">
<td style="text-align: center; height: 106px;">
<h3><span style="font-size: 14pt;"><strong>VISIÓN DE CONOCIMIENTO</strong></span></h3>
</td>
<td style="height: 106px;">
<h3><span style="font-size: 14pt;">&#8220;CONOCER ACERCA&#8221; COMO &#8220;CONOCER CÓMO&#8221;</span></h3>
</td>
</tr>
</tbody>
</table>

<p>MODELO DE DESARROLLO DE LA CAPACITACIÓN EBYSOS PROPÓSITO DESARROLLO DE HABILIDADES DE TRABAJO INTEGRADO, REQUERIDO ANTE LAS DEMANDAS ACTUALES DE FUNCIONES DE TRABAJO EXPANDIDAS OBJETIVO DE LA CAPACITACIÓN LAS PERSONAS SOMOS COLEGAS O MIEMBROS DE GRUPOS DE TRABAJO ENFOQUE DESARROLLO DE DE HABILIDADES QUE ESTÉN CONCEPTUALMENTE LIGADAS (FORMALES E INFORMALES) TAREAS DE CAPACITACIÓN DIVULGAR INFORMACIÓN, [&hellip;]</p>
